{"id":115,"date":"2011-02-07T23:45:31","date_gmt":"2011-02-07T22:45:31","guid":{"rendered":"http:\/\/aakeroien-camping.com\/site\/?page_id=115"},"modified":"2015-05-04T09:52:50","modified_gmt":"2015-05-04T08:52:50","slug":"comment-se-rendre-au-camp","status":"publish","type":"page","link":"https:\/\/aakeroien-camping.com\/site\/?page_id=115","title":{"rendered":"Comment se rendre au camp"},"content":{"rendered":"<p>Aakeroien Camping est un nouveau camp situ\u00e9 le long de la Glomma \u00e0 Telneset, \u00e0 7 km au nord de Tynset et 45 km au sud de Roros.<br \/>\nGuidez-vous \u00e0 l&#8217;aide la carte ci-dessous. Nous vous recommandons de suivre la route jusqu&#8217;\u00e0 Tynset et de rouler ensuite vers le nord pendant 7 km sur la rive gauche de la rivi\u00e8re.<\/p>\n<ul>\n<li><a title=\"Google maps\" href=\"https:\/\/www.google.com\/maps\/dir\/\/62.3191036,10.8636884\/@62.3321042,10.8746747,16z\/data=!3m1!4b1?hl=en\" target=\"_blank\">Interactive map (Google maps)<\/a><\/li>\n<\/ul>\n<p><img loading=\"lazy\" decoding=\"async\" class=\"alignleft size-full wp-image-47\" title=\"kart_ny\" src=\"https:\/\/aakeroien-camping.com\/site\/wp-content\/uploads\/kart_ny.jpg\" alt=\"kart_ny\" width=\"709\" height=\"736\" srcset=\"https:\/\/aakeroien-camping.com\/site\/wp-content\/uploads\/kart_ny.jpg 709w, https:\/\/aakeroien-camping.com\/site\/wp-content\/uploads\/kart_ny-288x300.jpg 288w\" sizes=\"auto, (max-width: 709px) 100vw, 709px\" \/><\/p>\n","protected":false},"excerpt":{"rendered":"<p>Aakeroien Camping est un nouveau camp situ\u00e9 le long de la Glomma \u00e0 Telneset, \u00e0 7 km au nord de Tynset et 45 km au sud de Roros. Guidez-vous \u00e0 l&#8217;aide la carte ci-dessous. Nous vous recommandons de suivre la route jusqu&#8217;\u00e0 Tynset et de rouler ensuite vers le nord pendant 7 km sur la [&hellip;]<\/p>\n","protected":false},"author":2,"featured_media":0,"parent":107,"menu_order":0,"comment_status":"closed","ping_status":"closed","template":"page-nosidebar.php","meta":{"ngg_post_thumbnail":0,"footnotes":""},"class_list":["post-115","page","type-page","status-publish","hentry"],"_links":{"self":[{"href":"https:\/\/aakeroien-camping.com\/site\/index.php?rest_route=\/wp\/v2\/pages\/115","targetHints":{"allow":["GET"]}}],"collection":[{"href":"https:\/\/aakeroien-camping.com\/site\/index.php?rest_route=\/wp\/v2\/pages"}],"about":[{"href":"https:\/\/aakeroien-camping.com\/site\/index.php?rest_route=\/wp\/v2\/types\/page"}],"author":[{"embeddable":true,"href":"https:\/\/aakeroien-camping.com\/site\/index.php?rest_route=\/wp\/v2\/users\/2"}],"replies":[{"embeddable":true,"href":"https:\/\/aakeroien-camping.com\/site\/index.php?rest_route=%2Fwp%2Fv2%2Fcomments&post=115"}],"version-history":[{"count":3,"href":"https:\/\/aakeroien-camping.com\/site\/index.php?rest_route=\/wp\/v2\/pages\/115\/revisions"}],"predecessor-version":[{"id":174,"href":"https:\/\/aakeroien-camping.com\/site\/index.php?rest_route=\/wp\/v2\/pages\/115\/revisions\/174"}],"up":[{"embeddable":true,"href":"https:\/\/aakeroien-camping.com\/site\/index.php?rest_route=\/wp\/v2\/pages\/107"}],"wp:attachment":[{"href":"https:\/\/aakeroien-camping.com\/site\/index.php?rest_route=%2Fwp%2Fv2%2Fmedia&parent=115"}],"curies":[{"name":"wp","href":"https:\/\/api.w.org\/{rel}","templated":true}]}}